95286 is divided by 1647612?
62
What is the remainder when 474205534 is divided by 14?
12
What is the remainder when 241760 is divided by 17?
3
Calculate the remainder when 28734265 is divided by 59988.
13
What is the remainder when 29915 is divided by 13636?
2643
Calculate the remainder when 3486121 is divided by 704.
617
What is the remainder when 21507 is divided by 5284?
371
What is the remainder when 40218457 is divided by 82?
81
Calculate the remainder when 1072855 is divided by 89207.
2371
Calculate the remainder when 527596 is divided by 613.
416
What is the remainder when 11467214 is divided by 3822385?
59
What is the remainder when 419674 is divided by 3678?
382
What is the remainder when 6229129 is divided by 7303?
6973
Calculate the remainder when 5180430 is divided by 3735.
3720
Calculate the remainder when 341977 is divided by 473.
471
Calculate the remainder when 2331752 is divided by 4127.
4124
Calculate the remainder when 111400865 is divided by 132.
125
What is the remainder when 1289106 is divided by 14?
0
What is the remainder when 301311 is divided by 100286?
453
Calculate the remainder when 38790166 is divided by 5.
1
Calculate the remainder when 93145 is divided by 1179.
4
What is the remainder when 2981229 is divided by 1425?
129
What is the remainder when 4602 is divided by 1512?
66
What is the remainder when 14564 is divided by 3326?
1260
What is the remainder when 6884268 is divided by 292?
76
Calculate the remainder when 5283742 is divided by 1056727.
107
Calculate the remainder when 1470463 is divided by 122.
119
Calculate the remainder when 65651860 is divided by 411.
364
What is the remainder when 20647460 is divided by 6?
2
What is the remainder when 6299 is divided by 2081?
56
Calculate the remainder when 13860008 is divided by 4619936.
200
Calculate the remainder when 2041 is divided by 1645.
396
Calculate the remainder when 467167 is divided by 16105.
122
Calculate the remainder when 112077 is divided by 409.
11
Calculate the remainder when 316339 is divided by 2969.
1625
What is the remainder when 701650 is divided by 1628?
1610
What is the remainder when 41454846 is divided by 47?
0
What is the remainder when 39721153 is divided by 435?
433
What is the remainder when 215862 is divided by 413?
276
What is the remainder when 395275 is divided by 1098?
1093
Calculate the remainder when 3329657 is divided by 254.
225
What is the remainder when 186027988 is divided by 2558?
2554
Calculate the remainder when 576450 is divided by 1974.
42
What is the remainder when 3749270 is divided by 4752?
4694
What is the remainder when 12859911 is divided by 414835?
26
What is the remainder when 245283 is divided by 345?
333
Calculate the remainder when 38801940 is divided by 2108.
2092
What is the remainder when 123494 is divided by 2378?
2216
Calculate the remainder when 11027670 is divided by 790.
60
Calculate the remainder when 1453293 is divided by 10459.
9951
What is the remainder when 79489 is divided by 679?
46
Calculate the remainder when 270317 is divided by 12261.
575
What is the remainder when 4863 is divided by 440?
23
Calculate the remainder when 600399 is divided by 50033.
3
What is the remainder when 23940292 is divided by 1469?
1468
What is the remainder when 41923337 is divided by 530675?
12
Calculate the remainder when 29977 is divided by 407.
266
Calculate the remainder when 340470 is divided by 17000.
470
Calculate the remainder when 3216 is divided by 678.
504
Calculate the remainder when 35410 is divided by 1534.
128
Calculate the remainder when 6276965 is divided by 514.
511
Calculate the remainder when 64463943 is divided by 188491.
21
What is the remainder when 9689801 is divided by 2422450?
1
Calculate the remainder when 2395346 is divided by 798440.
26
Calculate the remainder when 157358 is divided by 2743.
1007
What is the remainder when 3779358 is divided by 2205?
2193
What is the remainder when 523066 is divided by 408?
10
Calculate the remainder when 90863893 is divided by 15.
13
What is the remainder when 3220673 is divided by 1274?
1
Calculate the remainder when 22647667 is divided by 2666.
2663
What is the remainder when 2044648 is divided by 23232?
232
What is the remainder when 6602227 is divided by 78?
73
Calculate the remainder when 311220 is divided by 94.
80
What is the remainder when 1927740 is divided by 18?
12
Calculate the remainder when 131261 is divided by 566.
515
Calculate the remainder when 9131325 is divided by 365253.
0
What is the remainder when 379168 is divided by 3387?
3211
What is the remainder when 4980166 is divided by 101636?
2
Calculate the remainder when 20593196 is divided by 41771.
93
What is the remainder when 39234 is divided by 1652?
1238
What is the remainder when 6159842 is divided by 662?
594
Calculate the remainder when 86720 is divided by 36.
32
Calculate the remainder when 99720542 is divided by 554.
542
Calculate the remainder when 111242 is divided by 26893.
3670
What is the remainder when 6984086 is divided by 19841?
54
What is the remainder when 3053891 is divided by 4894?
35
Calculate the remainder when 39225661 is divided by 702.
7
Calculate the remainder when 880076 is divided by 382.
330
Calculate the remainder when 20665 is divided by 16513.
4152
What is the remainder when 118929 is divided by 23611?
874
Calculate the remainder when 6285473 is divided by 42.
5
Calculate the remainder when 2908244 is divided by 1454102.
40
Calculate the remainder when 86801 is divided by 21691.
37
What is the remainder when 36177 is divided by 258?
57
Calculate the remainder when 1263290 is divided by 58.
50
What is the remainder when 88952163 is divided by 18?
15
What is the remainder when 17838 is divided by 43?
36
Calculate the remainder when 1993422 is divided by 36.
30
What is the remainder when 1044185 is divided by 13?
12
What is the remainder when 840043 is divided by 1879?
130
What is the remainder when 2536581 is divided by 43?
11
What is the remainder when 90810 is divided by 90806?
4
What is the remainder when 24046559 is divided by 82919?
49
Calculate the remainder when 728226 is divided by 277.
270
Calculate the remainder when 109161120 is divided by 125.
120
What is the remainder when 78866318 is divided by 37?
4
What is the remainder when 18717 is divided by 65?
62
What is the remainder when 1309753 is divided by 624?
601
Calculate the remainder when 797502 is divided by 61342.
56
Calculate the remainder when 134260288 is divided by 3962.
3956
What is the remainder when 15201 is divided by 2633?
2036
What is the remainder when 160979 is divided by 53624?
107
What is the remainder when 65560736 is divided by 34164?
20
Calculate the remainder when 59796989 is divided by 1530.
1529
Calculate the remainder when 9143374 is divided by 90.
4
Calculate the remainder when 81630 is divided by 19944.
1854
Calculate the remainder when 5498572 is divided by 3761.
3751
Calculate the remainder when 10181331 is divided by 2836.
91
What is the remainder when 1026559 is divided by 10557?
2530
Calculate the remainder when 107534 is divided by 26813.
282
What is the remainder when 40764738 is divided by 13231?
27
What is the remainder when 443594 is divided by 2347?
11
What is the remainder when 1598369 is divided by 3833?
8
What is the remainder when 21755 is divided by 985?
85
What is the remainder when 554081 is divided by 110783?
166
Calculate the remainder when 671241999 is divided by 3250.
3249
Calculate the remainder when 397753 is divided by 154.
125
What is the remainder when 352070388 is divided by 8?
4
What is the remainder when 28084035 is divided by 364?
343
What is the remainder when 11555973 is divided by 1650846?
51
What is the remainder when 2012051 is divided by 182909?
52
What is the remainder when 2296863 is divided by 2296861?
2
What is the remainder when 2229733 is divided by 401?
173
What is the remainder when 733982 is divided by 260?
2
What is the remainder when 9903768 is divided by 620?
508
What is the remainder when 102037 is divided by 3379?
667
What is the remainder when 1437256 is divided by 1109?
1101
Calculate the remainder when 2961797 is divided by 100.
97
What is the remainder when 109379 is divided by 636?
623
Calculate the r